7).
141
Let a(m) = m**3 - 15*m**2 + 50*m - 152. What is a(12)?
16
Let z(n) = -n**3 - 18*n**2 - 2*n + 232. Determine z(-19).
631
Let i(t) = -21*t + 167. Determine i(17).
-190
Let u(s) = 17*s**2 - 51*s - 10. Calculate u(4).
58
Let i(u) = -189*u + 33869. What is i(179)?
38
Let n(u) = u**3 + 12*u**2 - 100*u - 565. Calculate n(-16).
11
Let s(r) = r + 88. What is s(0)?
88
Let w(g) = 201*g + 12284. What is w(-61)?
23
Let u(a) = -a**3 + 36*a**2 + 131*a - 485. Give u(39).
61
Let g(u) = u**3 - 16*u**2 - 38. What is g(15)?
-263
Let m(o) = -2*o**2 + 68*o + 16. Determine m(33).
82
Let b(z) = 132*z - 1159. Determine b(10).
161
Let k(j) = j**2 + 14*j - 98. What is k(-29)?
337
Let d(r) = -11*r + 219. What is d(20)?
-1
Let j(h) = -3*h**2 + 195*h + 481. What is j(67)?
79
Let m(b) = -2*b**2 - 56*b + 321. Determine m(-33).
-9
Let s(u) = -24*u**2 - 15*u - 33. What is s(-3)?
-204
Let f(j) = 15388*j - 30769. Give f(2).
7
Let j(b) = -8*b**2 + 48*b - 16. What is j(8)?
-144
Let p(i) = 2*i**3 + 13*i**2 - 5*i - 10. Give p(-7).
-24
Let s(p) = -40*p - 715. Give s(-20).
85
Let z(x) = -58*x - 149. Calculate z(-4).
83
Let m(u) = 2*u**2 - 1683*u + 6725. Calculate m(4).
25
Let y(a) = 7*a**2 - 317*a + 73. What is y(45)?
-17
Let f(d) = -d**3 - 204*d**2 + 422*d + 2064. What is f(-206)?
4
Let z(n) = 24*n - 208. What is z(7)?
-40
Let m(g) = -g**2 + 9*g + 196. Calculate m(11).
174
Let g(d) = -33*d**2 + 901*d - 282. Determine g(27).
-12
Let h(o) = 647*o - 1211. Give h(2).
83
Let w(p) = -p - 29. Give w(-17).
-12
Let a(f) = 3*f**2 - 26*f + 34. What is a(10)?
74
Let k(g) = 3457*g + 17304. Give k(-5).
19
Let m(c) = -2*c**3 - 9*c**2 + 9*c - 9. Give m(-5).
-29
Let w(a) = -77*a**2 + 226*a - 11. Determine w(3).
-26
Let y(k) = -1155*k + 1151. Determine y(1).
-4
Let h(s) = -67*s + 20140. Calculate h(301).
-27
Let m(i) = -33*i + 1731. What is m(53)?
-18
Let j(w) = 55*w + 333. Determine j(-6).
3
Let x(d) = 434*d - 98505. Give x(227).
13
Let n(d) = -d**3 - 30*d**2 - d + 85. Calculate n(-30).
115
Let m(j) = -j**3 + 9*j**2 - 43*j + 132. Determine m(6).
-18
Let y(k) = -5*k + 49. Determine y(-10).
99
Let h(g) = 4*g**3 - 22*g**2 + 44*g - 4. Determine h(2).
28
Let o(v) = -v**2 + 190*v - 5424. What is o(35)?
1
Let c(m) = -3*m**2 - 136*m + 603. Calculate c(4).
11
Let c(r) = 6*r**2 - 380*r + 117. Give c(63).
-9
Let w(t) = -3*t**2 - 40*t + 5. What is w(-13)?
18
Let g(v) = v**2 - 39*v + 142. What is g(35)?
2
Let g(y) = -y**3 + 33*y**2 + 65*y + 166. What is g(35)?
-9
Let h(b) = -2*b**3 - 28*b**2 + 89*b + 338. Determine h(-16).
-62
Let k(z) = z**3 + 21*z**2 + 14*z + 43. Give k(-21).
-251
Let r(t) = 3*t**2 + t + 6. Calculate r(4).
58
Let y(w) = -w**2 - 20*w + 15. Calculate y(-21).
-6
Let u(h) = 5*h**2 - 25*h + 35. What is u(0)?
35
Let o(d) = 53*d**2 + 638*d + 29. Calculate o(-12).
5
Let t(v) = 133*v + 505. Calculate t(-4).
-27
Let h(x) = -3*x**2 - 65*x - 28. Give h(-14).
294
Let x(d) = -5*d**2 + 248*d - 140. Determine x(49).
7
Let d(w) = 4*w**3 - 7*w**2 - 32*w - 91. Determine d(-3).
-166
Let t(p) = -p**3 - 42*p**2 - 2*p - 16. Calculate t(-42).
68
Let n(u) = -1814*u - 68932. Determine n(-38).
0
Let s(f) = -426*f + 127790. What is s(300)?
-10
Let l(k) = -k**2 - 18*k - 56. Determine l(-16).
-24
Let a(q) = q**2 - 43*q + 12. Calculate a(8).
-268
Let s(j) = 3*j**2 - 28*j - 13. Give s(0).
-13
Let p(i) = -425*i + 3397. What is p(8)?
-3
Let p(v) = -v**3 + 9*v**2 + 40*v - 41. Determine p(12).
7
Let r(o) = 5*o**2 + 100*o + 53. Calculate r(-19).
-42
Let g(u) = -u**2 - 55*u - 540. Determine g(-13).
6
Let z(f) = -f**2 + 13*f + 139. What is z(-16)?
-325
Let o(y) = 48*y**2 - 3*y. Determine o(-1).
51
Let o(j) = j**3 + 6*j**2 + 9*j - 19. Calculate o(-3).
-19
Let h(i) = -231*i - 4395. What is h(-19)?
-6
Let n(s) = -43*s - 1027. What is n(-23)?
-38
Let j(q) = 2*q**3 + 184*q**2 + 529*q - 454. Calculate j(-89).
-9
Let w(y) = 3*y**2 + 256*y + 349. Give w(-84).
13
Let s(r) = -3783*r - 22686. Calculate s(-6).
12
Let b(s) = s**2 - 6*s - 169. Determine b(17).
18
Let z(o) = o**2 + 29*o - 717. Give z(16).
3
Let w(l) = -60*l + 3882. Give w(65).
-18
Let b(s) = -50*s + 1801. Determine b(38).
-99
Let m(i) = 2*i**3 - 33*i**2 + 61*i - 723. What is m(16)?
-3
Let t(b) = -55*b + 27. What is t(1)?
-28
Let o(v) = v**2 - 24*v + 112. Calculate o(19).
17
Let u(i) = 4*i**3 - 27*i**2 + 10*i - 6. What is u(6)?
-54
Let m(f) = 521*f - 7296. Calculate m(14).
-2
Let u(m) = m**2 - 8*m - 31. Determine u(-7).
74
Let y(h) = 970*h - 9694. Give y(10).
6
Let h(t) = -3*t**3 - 97*t**2 - 34*t - 65. Determine h(-32).
-1
Let m(i) = -i**3 + i**2 + 20*i - 27. Calculate m(4).
5
Let k(h) = -1334*h + 3980. Calculate k(3).
-22
Let a(r) = r**2 - 28*r + 213. Determine a(12).
21
Let p(c) = 2*c**3 + c**2 - 22*c + 10. Determine p(0).
10
Let v(z) = -7802*z - 62428. What is v(-8)?
-12
Let k(s) = -14*s - 565. Determine k(-31).
-131
Let g(s) = s**3 - 61*s**2 - 8*s + 441. What is g(61)?
-47
Let t(w) = -3*w**2 - 101*w - 160. Calculate t(-32).
0
Let g(f) = -725*f - 445. What is g(-1)?
280
Let l(q) = -2*q**2 + 219*q + 2515. Calculate l(120).
-5
Let w(t) = -3*t**2 - 59*t + 18. Determine w(-15).
228
Let t(s) = -11*s**2 + 275*s + 28. Calculate t(25).
28
Let w(q) = -3*q**3 - 30*q**2 - 4*q + 42. What is w(-10)?
82
Let q(r) = -2*r**2 - 19*r + 100. Determine q(7).
-131
Let c(w) = 475*w + 1447. Give c(-3).
22
Let w(c) = 3098*c**2 - 6191*c - 2. Give w(2).
8
Let b(x) = x**3 - 26*x**2 - 194*x - 131. What is b(32)?
-195
Let n(v) = 3*v**2 + 690*v - 3511. Calculate n(-235).
14
Let g(z) = 2*z**2 + 68*z + 542. Determine g(-13).
-4
Let a(z) = 2*z**3 - 58*z**2 + 194*z + 8. What is a(4)?
-16
Let r(y) = -y**3 + 24*y**2 - 3*y - 469. Give r(23).
-9
Let k(z) = -z**3 + 17*z**2 - 9*z - 46. What is k(16)?
66
Let u(y) = -y**3 - 10*y**2 + 20*y + 94. Calculate u(-11).
-5
Let n(m) = -1050*m - 14704. Give n(-14).
-4
Let r(x) = -16*x + 1. Determine r(-3).
49
Let m(b) = -21332*b - 127984. Give m(-6).
8
Let x(z) = -z**2 - 45*z - 152. Determine x(-35).
198
Let h(q) = 2*q**2 - 274*q + 547. Calculate h(2).
7
Let y(t) = 2*t**2 - 15373*t + 61469. Give y(4).
9
Let t(z) = -192*z + 3060. Determine t(16).
-12
Let w(u) = 3*u**3 + 10*u**2 + 6*u + 33. Calculate w(-7).
-548
Let o(l) = 9*l + 6. Determine o(-4).
-30
Let m(r) = -r**3 + 151*r**2 + 308*r - 409. Determine m(153).
-103
Let q(b) = -40*b**3 - 2*b**2 - 3*b - 6. What is q(-2)?
312
Let y(m) = 1457*m + 14569. What is y(-10)?
-1
Let x(j) = -7*j - 67. Determine x(-9).
-4
Let z(u) = -175*u + 4528. Determine z(26).
-22
Let k(z) = -z**2 + 156*z + 2264. Give k(-14).
-116
Let s(g) = 3*g**2 + 47*g + 9. What is s(-16)?
25
Let q(n) = n**3 + 5*n**2 + 33*n + 235. Determine q(-6).
1
Let h(w) = -2*w**2 - 44*w - 247. What is h(-11)?
-5
Let c(g) = -4*g**2 - 24*g - 3. Give c(-8).
-67
Let l(i) = 711*i - 33396. Give l(47).
21
Let d(k) = -k**3 - 9*k**2 - 107*k - 1160. Determine d(-10).
10
Let t(l) = 55*l - 106. Determine t(4).
114
Let n(i) = -i**3 + 11*i**2 + 446*i - 3294. Give n(7).
24
Let q(o) = 223*o - 14478. Determine q(65).
17
Let b(v) = v**3 + 3*v**2 - 58*v - 248. Give b(-5).
-8
Let f(y) = 9*y**2 + 116*y + 212. What is f(-2)?
16
Let y(m) = 11*m**3 - 252*m**2 + 4*m + 45. Determine y(23).
666
Let h(m) = -m**2 + 41*m + 1534. What is h(-25)?
-116
Let v(h) = -2*h**2 + 142*h + 935. Determine v(77).
11
Let p(a) = -11*a**3 + 505*a**2 + 55*a - 410. Calculate p(46).
4
Let p(t) = 11*t - 663. Determine p(63).
30
Let k(a) = 45*a + 476. Calculate k(-9).
71
Let d(a) = -2*a**3 - 18*a**2 + 18*a + 153. What is d(-9)?
-9
Let h(c) = -c**2 + 18*c + 15. What is h(-7)?
-160
Let q(a) = 63*a + 1618. Give q(-24).
106
Let v(c) = -c**2 + 247*c + 7103. Determine v(-26).
5
Let s(o) = -o**3 + 2*o**2 + 4*o - 98. Determine s(0).
-98
Let v(n) = -2*n**2 + 569*n + 27787. Give v(327).
-8
Let w(q) = -3*q**3 + 2*q**2 - 33*q + 117. What is w(3)?
-45
Let c(o) = -o**3 + 29*o**2 - 169*o + 4. Determine c(21).
-17
Let t(l) = -55*l - 18. Calculate t(-3).
147
Let y(c) = 4*c**2 - 34*c - 398. Determine y(-8).
130
Let o(s) = s**3 + 57*s**2 - 119*s - 29. Determine o(-59).
30
Let v(n) = -7*n - 128. Calculate v(-9).
-65
Let y(o) = -o**2 + 11*o - 95. Give y(15).
-155
Let r(l) = l**3 - 9*l**2 - 55*l + 397. Give r(6).
-41
Let j(k) = -280*k - 837. What is j(-3)?
3
Let i(x) = -x**3 - 332*x**2 + 1025*x + 6727. Determine i(-335).
27
Let s(a) = -9*a**